and k?
2
Let l(b) be the third derivative of -3*b**4/4 + 3*b**3 + 11*b**2. Let a be l(-8). Calculate the greatest common divisor of 18 and a.
18
Suppose -35*j + 380 = -30*j. Suppose -5*o + 91 = j. Calculate the greatest common divisor of 4 and o.
1
Let n = -67 - -82. Let l = 21 - n. What is the greatest common factor of l and 18?
6
Suppose 0 = -0*s - 4*s + 16. Suppose -2*n = -s*p - 262, 3*n = 3*p - 6*p + 348. Let u = -2213 - -2224. What is the greatest common divisor of n and u?
11
Suppose -26 = -2*x - 3*k - 6, -4*x - 2*k + 56 = 0. Suppose 22*w - 1248 = x*w. What is the greatest common factor of w and 52?
52
Suppose -5*b + 3*d = -629, 0 = d + 3. What is the greatest common factor of 4 and b?
4
Suppose 3*z + 2*o - 40 = 0, -4 + 78 = 5*z - 4*o. What is the highest common factor of z and 154?
14
Suppose 0 = 4*c - 7 + 15. Let z be 7*(-117)/(-15) - c/5. Calculate the highest common factor of 22 and z.
11
Suppose r - 130 = -4*c + 90, 4*r = -5*c + 264. What is the highest common factor of 80 and c?
8
Suppose 0 = 69*l - 62*l - 567. Calculate the greatest common divisor of l and 27.
27
Let s be (20 - 21)/(2/(-32)). What is the highest common factor of s and 256?
16
Let a(b) = -3*b - 68. Let x be a(-24). What is the highest common divisor of x and 32?
4
Let h be 1/(-2) + (-38)/(-4). Suppose -2*a - 37 = -47. Let g be 84 - (-1)/(a/(-15)). Calculate the greatest common factor of g and h.
9
Suppose 2*v = 11*v - 1287. What is the greatest common divisor of 22 and v?
11
Let i be (-730)/(-14) + 13*7/(-637). Let q = 7 - 3. Calculate the highest common divisor of i and q.
4
Suppose j - 2*j - 30 = 5*c, 3*c = 15. Let h be (-4)/(-22) - 650/j. What is the highest common factor of 132 and h?
12
Suppose -17*q - 5*u = -21*q + 445, -2*q = -3*u - 225. What is the highest common factor of 147 and q?
21
Let n be ((-3)/2)/(12/8). Let z(g) = -306*g**3 - g. Let f be z(n). Suppose 2*r = b + f, 0 = -3*b + 6*b + 9. Calculate the greatest common divisor of r and 19.
19
Suppose 0 = 3*g - 1105 + 430. Let c be (-11)/(-44) - ((-129)/12 - -2). Calculate the highest common divisor of c and g.
9
Let t be 144/1 - (0 + 1). Let y be 1*(0/(-3))/2. Suppose 0 = -4*f + 3*s + 61, 6*f - f - s - 68 = y. What is the highest common factor of t and f?
13
Let r(q) = q + 3. Let b(a) = -3*a - 6. Let l(h) = -3*b(h) - 7*r(h). Let x be l(2). Let j = 4 + 4. Calculate the highest common factor of j and x.
1
Suppose 0 = -11*c - 161 + 238. Suppose -u - 128 = -3*u. Let t = u - 15. What is the highest common divisor of t and c?
7
Let v = 1957 + -1937. What is the highest common divisor of 28 and v?
4
Let g be 149 + 2/((7/2)/(-7)). Let h = g + -99. What is the greatest common factor of h and 414?
46
Suppose -5*n = -9 - 1. Suppose -2*k + 8 = n*m, 4*k + 4*m = -k + 19. Suppose k*g - 48 = -g. Calculate the highest common divisor of 4 and g.
4
Let a = -1808 + 1821. Let l(p) = 8*p**3 + 1. Let s be l(2). What is the highest common factor of a and s?
13
Let v = -769 - -833. What is the highest common divisor of 56 and v?
8
Suppose 4*d + 4*m = 92, -4*d + 18*m - 15*m = -92. What is the greatest common divisor of d and 23?
23
Suppose 5*u - 49 = d, u + 2 = -3*d - 1. Suppose 44 = -4*r + 220. Suppose -r = -u*a + 5*a. What is the highest common factor of a and 121?
11
Let i be 2/(0 + 2)*-9. Let o be 120/i*(-24)/20. Let u = -44 + 220. Calculate the greatest common divisor of u and o.
16
Let w = 0 + -2. Let u be 90/21 + w/7. Suppose 2*f = -4*l + u*f + 314, -235 = -3*l + f. What is the greatest common factor of l and 52?
26
Let f = 184 + -163. Calculate the greatest common factor of 63 and f.
21
Suppose 0 = -2*o + 4*o + 30. Let i be (-1 - 1)*o/6. Suppose 0 = -i*b, 2*b = 4*y + 3*b - 40. What is the highest common divisor of 40 and y?
10
Suppose 2*a + a = 2*b - 153, 231 = 3*b - 4*a. Suppose 2*f - b = -f. What is the greatest common factor of f and 216?
27
Let n be ((-11)/(-2))/(27/54). What is the greatest common divisor of n and 11?
11
Let p be 16/(-14)*(-2268)/24. Calculate the highest common factor of 84 and p.
12
Suppose 408 = 5*h + 4*t, t + 33 = -h + 115. What is the highest common factor of h and 4?
4
Let i = -46 - -50. Suppose 2*v = 10 + i. What is the highest common factor of v and 28?
7
Let f be 12 + (4 - 1) + -7. Let l(u) = 2 + 8*u**2 - 96*u**3 + 95*u**3 + 9*u + 2. Let i be l(9). Calculate the greatest common factor of i and f.
4
Let z be 9 + ((-6)/(-3) - (-1 + 0)). Let o = 1 + 7. What is the highest common divisor of o and z?
4
Let j(q) = 58*q - 4. Let z be j(-2). Let m be ((-33)/2)/(6/z). Calculate the highest common factor of 30 and m.
30
Let a = -35 - -51. Let v(q) be the second derivative of 11*q**3/2 + 13*q**2/2 - 13*q. Let t be v(3). What is the greatest common divisor of a and t?
16
Let f(h) = h**2 + 8*h + 9. Let p be f(-7). Let i be (-22)/(-2) + 2 + p. Let y(b) = b - 13. Let x be y(i). What is the greatest common factor of x and 10?
2
Let a = -40 + 80. Let i = a + -35. Let o be 3/6*86 + 2. Calculate the highest common factor of o and i.
5
Suppose 0 = -5*s + i + 21 - 55, 2*s = 2*i - 20. Let r(p) = -4*p - 4. Let h be r(s). Let a = h + 30. What is the greatest common divisor of 10 and a?
10
Let v = 2 + -5. Let r be -7 - 9/v - -44. Let c be 13/3 + 10/15. Calculate the highest common factor of c and r.
5
Let z(n) = -14*n - 362. Let g be z(-27). What is the highest common factor of g and 512?
16
Suppose 0 = -x + 19 - 15. Suppose -3 - 9 = -2*d. What is the highest common factor of d and x?
2
Let h be ((8 - 4) + -3)*5. Suppose -r = -h*r - 8. Let c = r - -8. Calculate the highest common factor of c and 2.
2
Let f be 2 - (3 + 10/(-2)). Suppose -5*j + 101 = a, f*j - 122 = 3*a - 26. Let t = 145 - 103. Calculate the greatest common factor of j and t.
21
Let n(f) = f**3 + 9*f**2 + 18*f + 15. Let k be n(-7). Let g = k - -18. Calculate the highest common divisor of 80 and g.
5
Suppose 4*w - 3*c - 120 = -7, -3*w + 4*c = -76. What is the highest common factor of w and 736?
32
Suppose -2*r + 5*p - 2*p + 33 = 0, -2*r - 5*p = -73. What is the highest common divisor of 552 and r?
24
Suppose x - 11 = -3*r + 9, 3*r + 2*x - 19 = 0. Calculate the greatest common factor of r and 63.
7
Suppose 3*h - 5*o - 40 - 5 = 0, 2*h = 3*o + 29. Let t be -6*(h/(-12))/((-5)/(-15)). Calculate the highest common factor of t and 30.
15
Let a = -197 + 213. Calculate the highest common divisor of 384 and a.
16
Suppose 5*a + 41 = -v, -2 = -3*a + 5*v - 21. Let o = 9 + a. Suppose -4 + o = -3*d. What is the highest common divisor of 8 and d?
1
Suppose 4 = s - 2. Suppose -9 = -3*p + s. Let i = -73 - -88. What is the highest common factor of i and p?
5
Let p = 5 + 11. Let n be 1 + (p - 1) + -1. Suppose 0 = z - 8*z + 21. What is the highest common divisor of n and z?
3
Suppose 0 = -3*s + 1053 - 183. Let h be 17/34 - (1 - s/4). Calculate the highest common divisor of 9 and h.
9
Suppose 12*w - 13*w = 2*f - 159, -2*f - 4*w + 156 = 0. Calculate the greatest common factor of 48 and f.
16
Let x = 207 + -87. Let q(b) = 0*b**2 - 13 - 7*b**2 + 10 - 3*b**3. Let n be q(-3). Calculate the highest common factor of x and n.
15
Let r be (-3 + (0 - -3))*-1. Let h be (-1)/(2/(-14) + r). Let b be ((-3)/1)/((-1)/h). Calculate the highest common factor of 147 and b.
21
Let y = 38 - 22. Suppose -66*p + 64*p + 10 = 0. Suppose -64 = -3*g + 4*w, -28 = -3*g - 0*g - p*w. Calculate the greatest common factor of g and y.
16
Let r be ((-5)/(-10))/((-2)/(-8)). Suppose 4*l + 3*l - 140 = 0. What is the highest common factor of l and r?
2
Let o(h) = -h**3 - 3*h**2 + 4*h + 8. Let p be o(-6). Let v = 132 - p. Calculate the highest common factor of v and 20.
20
Let q = -2113 + 2121. Let g be (0 - -1) + (-5)/1. Let x = -2 - g. What is the highest common factor of q and x?
2
Let h(a) = -a**2 + a + 97. Let f be h(0). Let n = 234 - 232. Suppose f - 265 = -n*s. Calculate the highest common factor of 12 and s.
12
Let y(w) = -3*w + 7. Let o be y(-3). Suppose -5*j + 41 + 11 = 4*i, 5*j = i + 37. Let h = o + j. What is the greatest common factor of 96 and h?
24
Let g = 617 + -176. Calculate the greatest common factor of 63 and g.
63
Suppose -2*y - 1 = -5. Let u(a) = -7 - 7*a + 4*a + a**y - 8. Let l be u(-6). Calculate the greatest common factor of 13 and l.
13
Let w(m) = m**3 + 20*m**2 - 74*m + 6. Let i be 